ite number?
False
Is (-22 + (-1127043)/(-18))*(2 - 0) a composite number?
False
Let x(h) = 21*h**3 + 3*h**2 - 140*h - 21. Is x(25) a prime number?
True
Let x(w) = 6*w - 206. Let j be x(34). Is (-57)/(222/(-102) - j) prime?
False
Let c(b) = -2*b - 29. Let n = 74 + -81. Let h be c(n). Is (485/h)/(0 + (-1)/3) prime?
True
Suppose 7*b = 3*b - 2*g + 272, -2*b + 148 = 4*g. Suppose 0 = 89*r - b*r - 1024397. Is r a prime number?
False
Let p = 393 + -356. Suppose 58892 = p*d - 795549. Is d a composite number?
True
Let x = 223 - 219. Is (x + 30213/18)/((-2)/(-4)) prime?
False
Let b(j) = 54*j + 16. Let n(g) = 23*g + 2 - 14*g - 4 + 0. Let c be n(1). Is b(c) composite?
True
Suppose -171591 = -4*j + p, 2*p + 1043 - 1053 = 0. Is j composite?
False
Let w(z) = 233*z + 53. Let d(l) = 1. Let n(h) = 3*d(h) - w(h). Let m be n(-11). Let y = m - 1114. Is y prime?
True
Let a = -2939 + 6191. Let j = a - -647. Is j a prime number?
False
Is (-4 - -14998 - 12) + -11 a composite number?
True
Let a(r) = -1688377*r - 424. Is a(-1) composite?
True
Suppose 61 - 46 = 3*i. Suppose -10*y + i*y = -74075. Is y a prime number?
False
Suppose -7*y + 1515444 = -28*y. Is (-8 + 95/10)*y/(-6) a prime number?
True
Let p(h) = 34*h**2 + 2*h - 7. Let o(y) = -y + 13. Let l be o(-20). Let k = l + -36. Is p(k) a composite number?
False
Suppose -70*b + 47*b + 1634073 + 2602090 = 0. Is b composite?
False
Suppose 248*h = 252*h + 21188. Let z = h - -9648. Is z a composite number?
True
Suppose -4*m + 14*b = 15*b - 133923, -5*m - 4*b + 167401 = 0. Is m a composite number?
True
Let l = 873 + 130. Suppose 0 = -j + 341 + l. Suppose -3*i + 8781 - j = 0. Is i composite?
True
Let q = -7861 - -16084. Suppose 2*j - q = 3847. Let r = j + -3997. Is r a composite number?
True
Suppose -3*y + 3*a = -517340 - 261883, 2*y + 3*a - 519442 = 0. Is y a composite number?
False
Suppose 4*l = -16, -5*k + l + 27 = -47. Let u be (40/(-6))/(-4)*(-11 + k). Suppose -2*a = u*m - 1208, 8*a = 10*a - m - 1232. Is a prime?
False
Let t(m) = -5*m + 73. Let x be t(-32). Let q = x - -386. Is q prime?
True
Suppose -4*y = -s + 4445 + 13930, 3*s - 9195 = 2*y. Let u = -2732 - y. Is u a composite number?
False
Let b(r) = 543*r + 12. Let q be (-256)/(-20) - 5/(-25). Let d be b(q). Suppose -7*y + d = -4*y. Is y a composite number?
False
Let r(i) = i**3 - 13*i**2 + 28*i - 183. Is r(46) a prime number?
False
Is -16*(-41)/(-5904) + 178678/9 composite?
False
Suppose 5*b - 2079 = -4*c, 11*c + 3*b + 541 = 12*c. Suppose 0 = -y + 2*y + 5*q - 289, -3*q = -2*y + c. Is y a prime number?
True
Let j = -33029 - -50388. Is j a composite number?
False
Let q be (-330)/(-8) - 29/116. Suppose -43*v = -q*v - 5998. Is v prime?
True
Suppose -15*c = -5*c - 170. Suppose s + 5*y - c = y, 5*y = 5*s - 10. Suppose s*x - 35294 = -9*x. Is x a composite number?
False
Let p be (-16)/88 - 3*(-4)/66. Let f(o) = 4*o + 1055. Let j be f(p). Is 1/(((-1)/j)/(4 + -5)) composite?
True
Let w(b) = -b + 6. Let p be w(-9). Let y(u) = 2*u**2 + 19*u + 16. Let s be y(p). Let q = 204 + s. Is q a prime number?
False
Let c(i) = -92*i - 9. Suppose -334 + 22 = 6*p. Let q = -62 - p. Is c(q) composite?
False
Let c = 251 - 236. Let t(u) = 313*u - 50. Is t(c) a composite number?
True
Suppose -11*p + 301 = -62. Is (-1 - 3) + p + 438 a prime number?
True
Let o(m) = -m**2 - 8*m - 10. Let x be o(-2). Is ((-1480)/6 - x)/((-186)/279) composite?
False
Suppose 10 = a + 4*a - 2*z, 4*a - 10 = 2*z. Suppose a*d - 60 = -2*d. Suppose -642 = 28*m - d*m. Is m prime?
False
Let n be 4/3 + (-21)/63. Let u be 2 - ((-3 - -4) + -2)/n. Is (-1958)/(-2) + u + -8 composite?
True
Suppose t = -5*q + 853505, 2*q = 2*t - 2558794 + 851832. Is (-2)/12 + t/306 composite?
False
Let t = -48 - -66. Suppose 3*b + 4*o - 12 = t, -2*b + 20 = 4*o. Suppose 9*f = b*f - 253. Is f composite?
True
Let c(r) = -17*r**2 + 11*r - 7. Let v(b) = -18*b**2 + 10*b - 6. Let m(w) = -4*c(w) + 3*v(w). Is m(-26) prime?
False
Suppose -2*x - 14 = v + 6, -2*v + 4*x = 40. Is 15/((-75)/v)*(-86522)/(-8) prime?
True
Let b = 242634 - 164429. Is b a composite number?
True
Suppose 3*y + 25 = 4*g + g, 10 = -5*g - 4*y. Suppose 0 = g*n + 5*s - 3092, -s - 6162 = -0*n - 4*n. Is n prime?
False
Let r(z) = 178*z**2 + 35*z + 1. Suppose 0 = -2*k - 2 - 14. Is r(k) a composite number?
False
Let w = -2994 + 15427. Is w composite?
False
Let v = 82 + -72. Suppose 5*k + 10 = v*k. Suppose 3*a - 3*f + 7457 = 7*a, k*a - 3727 = -3*f. Is a prime?
False
Let t(m) = -4*m - 7. Let d be t(-16). Let k = 59 - d. Suppose -3*g = 2*g + s - 2331, -3*g + 1396 = -k*s. Is g a prime number?
False
Let z(l) = -18416*l + 853. Is z(-9) composite?
False
Let q(p) = -15*p**3 - 6*p**2 - 10*p - 21. Let l be q(-5). Let w = -793 - -1396. Let t = l - w. Is t a composite number?
False
Let s(i) = 13436*i + 11. Let a be s(6). Suppose -9*o + a = -5512. Is o prime?
False
Let c(y) = -12*y**2 - 11*y + 17. Let q be c(5). Let d = 3199 + q. Is d prime?
True
Let n be ((-898)/(-4))/(622/(-156) - -4). Suppose 0 = 7*w - 16509 - n. Suppose 5*v = 5*z + w, -2*z = -5*v - 0*z + 4845. Is v prime?
True
Suppose 491*o = 484*o + 176771. Is o prime?
True
Let o(y) = 1165*y - 226. Let p be o(14). Let j = 27885 - p. Is j prime?
True
Suppose 468*o - 466*o - 190446 = 0. Is o composite?
True
Suppose -82 - 58 = -4*a. Let q = 34 - a. Is (-2 + q + 2)/((-2)/62) prime?
True
Let n(w) = 2*w - 89. Let d be n(34). Is ((-2)/8)/((d/36132)/7) prime?
True
Let v = -1417 + 3982. Let g = v - 52. Is g composite?
True
Suppose -3*f + 3*g = 9, -f + 10 = -5*g + 25. Let o(x) = -3*x**2 - 3*x + 4321. Is o(f) a prime number?
False
Suppose -6*q = 5*p - 2*q - 36008, -3*p = 3*q - 21606. Let r = -4091 + p. Is r prime?
True
Suppose -19*t = -5*t + 588. Is 11324/14*t/(-12) composite?
True
Let p(l) = 57*l**2 + 60*l. Let y be p(-29). Suppose -9*a - y = -169956. Is a a prime number?
True
Suppose 4*t - 1884964 = -25*v + 29*v, 16*v = 2*t - 942482. Is t a composite number?
False
Suppose -b + 3*c = 354, 3*b + c + 415 = -647. Let i = b + 1683. Is i a prime number?
False
Let z = -63 - -58. Let g = z + 10. Suppose 5*o + 3*w - 1893 = 4*w, -2*o + 768 = g*w. Is o a prime number?
True
Suppose -27*v + 15295179 = -3971022. Is v a prime number?
True
Let h(l) = 30*l**2 + 20*l - 827. Is h(-55) composite?
True
Let h(y) = -y**3 - 2*y**2 + 31*y - 94. Let m be h(19). Let d = 16155 + m. Is d prime?
False
Let m be (-12)/8*(-16)/6. Suppose -5*v = -4*l - 56, 0*l + 2*l + 28 = -m*v. Let x(z) = -25*z + 31. Is x(l) a composite number?
True
Let f be 125 + -5*(16/(-10) + 2). Let p be (-6 - f/6)/((-1)/302). Suppose 0 = -7*y + p + 1580. Is y a composite number?
True
Let k = 13294 + -6845. Is k a composite number?
False
Let n(u) = -2*u - 20. Let a be n(-11). Suppose -4*f - 2*x - 4 = -0*f, -f = -a*x - 4. Suppose f*d + 2*d = t - 2059, t + d - 2050 = 0. Is t a composite number?
False
Suppose -a - 36*a + 3061581 = 14*a. Is a a prime number?
False
Is 0*16/128 - (-66193 + 0) a composite number?
True
Let n = -3886 - -4677. Is n a composite number?
True
Let c(u) = -u**3 + 55*u**2 - 188*u - 133. Is c(45) a composite number?
False
Suppose -3 = 2*a - 1. Let q be (12/18)/(a/(-27)). Is (-41667)/(-27) + (-4)/q prime?
True
Let u(z) = -10*z**2 + 3*z + 17. Let m be u(6). Let g = m - -1041. Suppose 5*v + 5*q = 895, 2*v - 6*v - 2*q + g = 0. Is v composite?
False
Suppose -5*a - 4*w - 53956 = -2461183, w = 4*a - 1925790. Is a composite?
False
Suppose -19198 - 10012 = -23*t. Suppose 9*u = -u + t. Is u a prime number?
True
Let h = 101406 - -132972. Is (2/(-4))/(-5 - h/(-46876)) prime?
True
Let h(l) = 5*l**2 - 6*l - 4. Let z be h(-1). Suppose 3*u + x = 572, -z*u = -2*u - 2*x - 968. Let g = u - 139. Is g a prime number?
True
Let z(i) = -i**2 + 32*i + 33. Let j be z(33). Suppose j = 2*s - 5*c - 14043, -s + 5*c = -9802 + 2778. Is s composite?
False
Suppose -5 = 4*t + s - 3, -5*s = 10. Is 2608 + (-3 - (-4 + t)) a prime number?
True
Let u = -85 + 105. Let y(v) = v**3 - 20*v**2 + 5*v + 19. Is y(u) composite?
True
Suppose 3*t - 4*s = 18 - 7, -5*s = 3*t + 7. Is t - -3490 - (-56)/28 a prime number?
False
Let q = -64840 - -118139. Is q prime?
True
Let z be (12/(-30))/((-2)/25). Suppose z*g - 47 = -5*r + 8, 5*r + 3*g - 59 = 0. Let f(b) = 72*b - 29. Is f(r) prime?
True
Let d(n) be the second derivative of -125*n**3/6 + 4*n**2 + 6*n. Let m be 